e prime factors of 2020459681.
79, 941, 27179
List the prime factors of 71862118.
2, 59, 409, 1489
What are the prime factors of 255066477?
3, 85022159
What are the prime factors of 62398751?
47, 353, 3761
List the prime factors of 44977257.
3, 13, 17, 22613
List the prime factors of 598450822.
2, 299225411
What are the prime factors of 160780096?
2, 37, 43, 1579
What are the prime factors of 120714804?
2, 3, 7, 479027
List the prime factors of 363552206.
2, 1733, 104891
What are the prime factors of 2094740357?
17, 191, 645131
List the prime factors of 332296458.
2, 3, 13, 139, 30649
List the prime factors of 2091048050.
2, 5, 7, 13, 83, 113
List the prime factors of 4670297968.
2, 7, 41699089
List the prime factors of 2862586442.
2, 1431293221
List the prime factors of 2145805674.
2, 3, 357634279
List the prime factors of 25960919.
31, 677, 1237
What are the prime factors of 335626097?
23, 14592439
What are the prime factors of 1052855390?
2, 5, 17, 107, 57881
List the prime factors of 329688711.
3, 11, 370021
What are the prime factors of 950863686?
2, 3, 17, 9322193
List the prime factors of 358802625.
3, 5, 877, 1091
List the prime factors of 52473170.
2, 5, 491, 10687
What are the prime factors of 351510113?
351510113
List the prime factors of 6560171.
67, 179, 547
What are the prime factors of 1332815893?
211, 6316663
List the prime factors of 4078737109.
397, 2081, 4937
List the prime factors of 31184426.
2, 7, 13, 17, 10079
List the prime factors of 149787887.
19, 2347, 3359
List the prime factors of 1564431856.
2, 13, 7521307
What are the prime factors of 491898420?
2, 3, 5, 13, 23357
What are the prime factors of 16010216?
2, 71, 397
List the prime factors of 464106807.
3, 29, 457, 1297
List the prime factors of 25828176.
2, 3, 11, 4447
List the prime factors of 4008582671.
47, 85288993
List the prime factors of 7295706736.
2, 455981671
List the prime factors of 494943993.
3, 18331259
List the prime factors of 6591058.
2, 67, 101, 487
List the prime factors of 100924706.
2, 6551, 7703
What are the prime factors of 60886502?
2, 89, 342059
What are the prime factors of 209825558?
2, 421, 249199
List the prime factors of 141163708.
2, 7, 31, 3319
What are the prime factors of 81093822?
2, 3, 83, 162839
List the prime factors of 586658125.
5, 23, 37, 1103
What are the prime factors of 48288855?
3, 5, 31, 113, 919
List the prime factors of 25569888.
2, 3, 266353
What are the prime factors of 1663991252?
2, 7, 11, 1483, 3643
What are the prime factors of 109622532?
2, 3, 9135211
What are the prime factors of 2137916012?
2, 79, 991, 6827
What are the prime factors of 142599386?
2, 71299693
List the prime factors of 100336999.
7, 251, 57107
List the prime factors of 886900339.
13, 403687
What are the prime factors of 17383308?
2, 3, 23, 62983
List the prime factors of 332685528.
2, 3, 7, 73, 27127
What are the prime factors of 3151111114?
2, 1575555557
What are the prime factors of 66698825?
5, 31, 89, 967
What are the prime factors of 44902315?
5, 1289, 6967
List the prime factors of 4263256197.
3, 473695133
What are the prime factors of 53354300?
2, 5, 533543
What are the prime factors of 2515944317?
2515944317
What are the prime factors of 12904223?
12904223
List the prime factors of 757990156.
2, 7, 11, 757, 3251
List the prime factors of 59265349.
11, 13, 17, 24379
List the prime factors of 2258688887.
7, 13, 941, 2029
What are the prime factors of 14740539?
3, 11, 23, 19421
List the prime factors of 134284028.
2, 23, 1459609
List the prime factors of 2702191363.
23, 37, 3175313
List the prime factors of 127622682.
2, 3, 11, 214853
What are the prime factors of 614566770?
2, 3, 5, 71, 288529
List the prime factors of 1211277095.
5, 7, 89, 239, 1627
List the prime factors of 200344857.
3, 239, 279421
List the prime factors of 67570790.
2, 5, 7, 443, 2179
List the prime factors of 1719631739.
7, 245661677
List the prime factors of 221417965.
5, 31, 43, 139, 239
List the prime factors of 201321318.
2, 3, 11, 1303, 2341
List the prime factors of 1128248440.
2, 5, 11, 23, 111487
What are the prime factors of 137146315?
5, 27429263
List the prime factors of 81927987.
3, 29, 941701
List the prime factors of 24448647.
3, 761, 10709
What are the prime factors of 483168892?
2, 67, 911, 1979
List the prime factors of 28128969.
3, 11, 284131
What are the prime factors of 418858710?
2, 3, 5, 3559, 3923
What are the prime factors of 60005924?
2, 11, 1363771
What are the prime factors of 117500515?
5, 11, 17, 125669
What are the prime factors of 31452717?
3, 1031, 10169
List the prime factors of 170815826.
2, 83, 587, 1753
What are the prime factors of 4810773999?
3, 67, 227, 105437
List the prime factors of 139857223.
11, 12714293
List the prime factors of 5614671.
3, 19, 137, 719
List the prime factors of 848273486.
2, 424136743
List the prime factors of 803271446.
2, 401635723
What are the prime factors of 143647711?
331, 433981
What are the prime factors of 4039051412?
2, 11, 509, 180347
List the prime factors of 4861169.
19, 255851
What are the prime factors of 17751636?
2, 3, 7, 2609
What are the prime factors of 629821565?
5, 29, 571, 7607
What are the prime factors of 1320464977?
13, 97, 1047157
What are the prime factors of 1943589555?
3, 5, 43190879
List the prime factors of 36181183.
29, 1247627
List the prime factors of 451812432.
2, 3, 9412759
What are the prime factors of 752843658?
2, 3, 7, 59, 149, 2039
List the prime factors of 920066759.
8999, 102241
What are the prime factors of 325114202?
2, 7, 4651, 4993
List the prime factors of 740008199.
7, 43, 409, 6011
What are the prime factors of 764602344?
2, 3, 11, 965407
What are the prime factors of 58576888?
2, 7322111
What are the prime factors of 3857153?
3857153
What are the prime factors of 13274379?
3, 37, 39863
List the prime factors of 1067737872.
2, 3, 22244539
What are the prime factors of 418019365?
5, 23, 67, 227, 239
What are the prime factors of 74449618?
2, 37224809
What are the prime factors of 250506248?
2, 23, 677, 2011
What are the prime factors of 866973106?
2, 17, 25499209
List the prime factors of 927891248.
2, 6277, 9239
List the prime factors of 247388888.
2, 59, 127, 4127
What are the prime factors of 1245866018?
2, 53, 11753453
List the prime factors of 43027497.
3, 229, 6959
What are the prime factors of 3218284462?
2, 79, 20368889
List the prime factors of 22884545.
5, 829, 5521
What are the prime factors of 5538003?
3, 1846001
List the prime factors of 150823018.
2, 75411509
List the prime factors of 65768305.
5, 41, 320821
What are the prime factors of 874377712?
2, 13, 103, 40813
What are the prime factors of 147781080?
2, 3, 5, 479, 857
What are the prime factors of 13472514?
2, 3, 11, 37, 613
What are the prime factors of 343250452?
2, 941, 91193
What are the prime factors of 26848883?
31, 866093
What are the prime factors of 2827491207?
3, 942497069
List the prime factors of 329293792.
2, 613, 16787
List the prime factors of 1035077778.
2, 3, 7, 227, 4021
What are the prime factors of 118549272?
2, 3, 109, 45317
What are the prime factors of 702507359?
191, 1621, 2269
List the prime factors of 3518431808.
2, 23, 73, 137, 239
List the prime factors of 127432618.
2, 63716309
List the prime factors of 5742719.
17, 31, 641
What are the prime factors of 983093174?
2, 7, 19, 181, 2917
What are the prime factors of 63863068?
2, 15965767
List the prime factors of 314453128.
2, 11, 3573331
What are the prime factors of 40819495?
5, 683, 11953
List the prime factors of 5388214912.
2, 61, 690089
What are the prime factors of 88712092?
2, 7, 3168289
List the prime factors of 95557111.
13, 23, 319589
List the prime factors of 240889876.
2, 53, 163, 6971
List the prime factors of 1205662856.
2, 67, 101, 22271
List the prime factors of 39159666.
2, 3, 7, 13, 613
List the prime factors of 40649773.
31, 101, 12983
What are the prime factors of 8722399311?
3, 24151, 40129
List the prime factors of 77919723.
3, 7, 29, 42649
What are the prime factors of 679479143?
7, 3877, 25037
What are the prime factors of 2415780394?
2, 37, 1723, 18947
What are the prime factors of 81800236?
2, 7, 23, 71, 1789
List the prime factors of 2579940156.
2, 3, 19, 31, 365017
What are th